 divided by u?
36
Let m(a) = -60*a + 192. Calculate the remainder when m(0) is divided by 35.
17
Suppose 0 = 92*t - 87*t - 165. Suppose 66*j - 627 = t*j. What is the remainder when 23 is divided by j?
4
Let s(d) = -3*d + 48. Let k = 43 - 28. Calculate the remainder when 30 is divided by s(k).
0
Suppose 74*l - 2447 = -22*l + 4561. Calculate the remainder when l is divided by 57.
16
Suppose -5*j - 39 = 5*u - 309, -171 = -4*u + 5*j. What is the remainder when 8770 is divided by u?
48
Let c(b) = -b**3 + 26*b**2 - 129*b + 272. What is the remainder when 3172 is divided by c(13)?
4
Let u = 355 - 129. Let z(q) = 12*q**2 - 6*q + 2. What is the remainder when u is divided by z(2)?
36
Suppose 85*h - 105*h + 4977 = 43*h. What is the remainder when 350 is divided by h?
34
Suppose 143*i + 439398 = 386*i - 140*i. What is the remainder when i is divided by 11?
9
Suppose -r + 3*r = 4*n - 138, 5*n - 175 = 2*r. Let b(k) = -2*k**3 - 2*k**2 - 3*k + 139. What is the remainder when b(0) is divided by n?
28
Suppose -c + 23 = z, -2*z + 41 - 16 = c. Calculate the remainder when c is divided by 10.
1
Let c = -101 + 117. Let j(v) = 4*v - 51. Let x be j(c). Calculate the remainder when 121 is divided by (x - 15)/((-4)/66).
22
Suppose 3*b - 104 = -2*v, -4*v - 68 = -6*v + 3*b. Suppose -2*j + 360 + 150 = 0. What is the remainder when j is divided by v?
40
Let x = -8237 - -8265. Calculate the remainder when 95 is divided by x.
11
Let n(x) = 3*x**2 - 19*x - 22. Let z be n(9). Suppose 47*t + 60 = z*t. Calculate the remainder when 276 is divided by t.
16
Let l be (-1)/3 + 2/(-3). Let c be (-5 + l)/(-3) + 0. What is the remainder when 84 is divided by ((-4)/12)/(c*(-1)/174)?
26
Suppose -67*y + 63*y - 922 = -5*k, 0 = -2*k - 5*y + 382. What is the remainder when k is divided by 14 + 4*3/4?
16
Let i(f) = -f**3 + 14*f**2 + 28*f + 80. Calculate the remainder when 332 is divided by i(16).
12
Suppose 5*p - 14 = -54. Let u be (1 - 11 - -3)/(4/p). Suppose -u*r + 90 = -9*r. What is the remainder when 67 is divided by r?
13
Let l(c) = 13*c + 4. Let j be l(2). Suppose j = 2*d + d. Calculate the remainder when ((96/(-10))/1)/((-1)/d) is divided by 25.
21
Suppose -o + 6*o + 2*c = 2538, 5*c + 2004 = 4*o. Calculate the remainder when o is divided by 90.
56
Let m(n) = -10*n - 15. Let o be m(-7). Let l = -23 + o. Suppose l*q - 40 = 27*q. What is the remainder when q is divided by 2?
0
Let v(l) = 46*l + 8. Let q(d) = -d**3 - 8*d**2 + 30*d - 25. Let y be q(-11). What is the remainder when v(y) is divided by 54?
52
Let q = -17795 + 17805. What is the remainder when 1139 is divided by q?
9
Suppose -97 = -c + 4*a, c + 6*a - 85 = 7*a. Suppose -76*h = -c*h + 235. Calculate the remainder when 183 is divided by h.
42
Let k = 27637 - 27553. Calculate the remainder when 4113 is divided by k.
81
What is the remainder when 3383 is divided by ((-135)/180)/(4/(-752))?
140
Let j(c) = c**3 - 34*c**2 - 28*c - 222. What is the remainder when 780 is divided by j(35)?
21
What is the remainder when 371 is divided by 1/(39/(-169))*-9?
20
Let d(a) = -2*a**3 + 23*a**2 - 13*a + 23. Let i be d(11). What is the remainder when -6*i - (-3 - 109) is divided by 28?
22
Suppose h = 6 - 0. Suppose -v + h*v - 145 = 0. Suppose 23*r = 42*r - 114. Calculate the remainder when v is divided by r.
5
Let z be 85 - ((-108)/(-30) + 2/5). Let q = 88 - z. Suppose -q = -3*o + 2*o. Calculate the remainder when o is divided by 6.
1
Suppose -2*h = -5*j + 60, -3*j + 3*h + 29 = -16. Let n(m) = 9*m**2 - 13. Calculate the remainder when n(3) is divided by j.
8
Let s(o) = 71*o + 16. Let j be s(-6). Let v = j + 679. What is the remainder when v is divided by 30?
29
Let b = -8741 + 9323. Calculate the remainder when b is divided by 201.
180
Let s = -89 + 13. Let g = s + 99. Let l = g + -4. What is the remainder when 29 is divided by l?
10
Let n be (-705)/(-20) - 1/4. Let r = 51 - n. Suppose -4*i = -40 - r. Calculate the remainder when i is divided by 3.
2
Suppose 5*i + 147 = h, -5*h + h + 496 = 3*i. What is the remainder when h is divided by (44/1)/(7 + -8 - -2)?
39
Suppose -5*h + 4*h = -10. Suppose -63 = -2*o + 11. Let t = o + h. Calculate the remainder when t is divided by 12.
11
Let k(w) = -w**2 - 37*w - 150. What is the remainder when 355 is divided by k(-27)?
115
Let u be (-54)/8 + (4 - 0)/(-16). Let g be 5*(2/u - 132/(-70)). Suppose g*v - 3*v - 50 = 0. Calculate the remainder when 37 is divided by v.
7
Suppose 40*p - 43*p = -141. What is the remainder when (p/3)/(24/72) is divided by 16?
15
Let l = 13258 + -12806. What is the remainder when l is divided by 84?
32
Suppose 62775 = -26*d + 65167. Calculate the remainder when 2297 is divided by d.
89
Suppose -30*o + 8*o = 75 - 823. What is the remainder when 66 is divided by o?
32
Suppose -10 = -11*j + j. What is the remainder when 10 is divided by j?
0
Let y = -8569 + 10872. Calculate the remainder when y is divided by 761.
20
Let h be ((-4)/6)/(-9 + 10)*-18. What is the remainder when h/(-42)*1*-238 is divided by 12?
8
Let a = -34 + 32. Let g be 10/6*(1 - a). Suppose -4*z = 5*p - 94, 2*p = -5*z + g + 19. Calculate the remainder when p is divided by 6.
4
Suppose 4*x + 65*w - 480 = 63*w, 5*x - 600 = 3*w. Calculate the remainder when 461 is divided by x.
101
Suppose 5*b = -a + 33952, 1628*a - 1626*a - 6785 = -b. Calculate the remainder when b is divided by 1694.
15
Let j(d) = d**3 + 36*d**2 - 36*d - 1727. Calculate the remainder when j(-35) is divided by 249.
11
Let x be ((-8)/14)/(100/35 + -3). Suppose -x*a + k = a - 209, 5*k + 20 = 0. Calculate the remainder when 92 is divided by a.
10
Suppose -5*q + 5 = -10, -4*q - 34 = -2*i. Let l(g) = -2*g**3 + 7*g**2 + 6*g - 23. What is the remainder when i is divided by l(-2)?
5
Suppose -12*t = -6*t + 18642. Let r be t/(-4) + 1/4. Suppose r = 5*l + 27. What is the remainder when l is divided by 22?
18
Let y be (7 + -1)/(-7*14/(-147)). Suppose -53 - 37 = -y*z. Calculate the remainder when 58 is divided by z.
8
Let f(i) = 30*i - 2754. Calculate the remainder when 18411 is divided by f(94).
63
Let h = -1122 - -1220. Calculate the remainder when h is divided by 9.
8
Suppose -5*b + 2*u - u = -132, -108 = -4*b + 2*u. Suppose 4*m - 5*q - 35 = 0, -m + 34 = -2*q + b. Calculate the remainder when 97 is divided by m.
7
Suppose -2311 - 5689 = -49*p - 1728. Calculate the remainder when p is divided by 39.
11
Suppose 3*v + 2*a = 0, 0 = -v - 37*a + 42*a. Suppose v = 8*w + 7*w - 390. What is the remainder when 518 is divided by w?
24
Let g = -3029 + 3685. Calculate the remainder when g is divided by 67.
53
Calculate the remainder when (6023/57)/((-3)/(-9)) is divided by 108.
101
Let y = 12 + -9. Let t(h) = -3 + h**2 + y - 10*h - 12*h. What is the remainder when 112 is divided by t(23)?
20
Let k = 1555 + -43. What is the remainder when k is divided by 169?
160
Let x(y) = 3*y**3 - 7*y**2 - 12*y - 9. Let g(l) = -l**3 - l**2 + l + 2. Let s(j) = -5*g(j) - x(j). Calculate the remainder when s(-5) is divided by 6.
2
Let s(p) = 106*p**2 + 20*p + 39. Calculate the remainder when s(-2) is divided by 84.
3
Let d(p) = 7 - 42 + 53*p**2 - 3*p - 52*p**2. Calculate the remainder when 94 is divided by d(-6).
18
Let s(o) = o**2 + 43*o - 53. Let w = 101 + -54. What is the remainder when s(-48) is divided by w?
46
Let m be 18 - (-21 - -16)*4/10. What is the remainder when 1744/m - (-7)/(-35) is divided by 30?
27
Let h(z) = -482*z - 2904. What is the remainder when h(-7) is divided by 31?
5
Suppose 315 = 13*n + 8*n. Let m = -5 + n. Calculate the remainder when m is divided by 3.
1
Let r be (4/8 + 2)*264/30. Suppose 0 = r*b - 27*b + 5*d + 1775, 0 = 5*b + d - 1781. Calculate the remainder when b is divided by 20.
16
Suppose 0 = 43*g - 4222 - 2357. Calculate the remainder when 464 is divided by g.
5
Suppose r = l + 362, 11*l - 10*l + 4*r + 337 = 0. Let b = -336 - l. What is the remainder when 77 is divided by b?
14
Suppose 98444*l = 98488*l - 57112. What is the remainder when l is divided by 27?
2
Let w(m) = 877*m - 2408. What is the remainder when w(3) is divided by 95?
33
Let w(q) = q**2 - 7*q + 20. Let y be w(-19). Suppose -y = -12*v + 350. What is the remainder when 287 is divided by v?
71
Suppose -4*u = -10*u - 30. What is the remainder when 173 is divided by (4/u)/(26/(-715))?
19
Let q(a) =